{"id":3671,"date":"2022-04-01T16:22:25","date_gmt":"2022-04-01T16:22:25","guid":{"rendered":"https:\/\/vtm.com.tr\/?page_id=3671"},"modified":"2022-04-01T16:22:25","modified_gmt":"2022-04-01T16:22:25","slug":"dogum-ve-jinekoloji","status":"publish","type":"page","link":"http:\/\/vtm.com.tr\/?page_id=3671","title":{"rendered":"DO\u011eUM ve J\u0130NEKOLOJ\u0130"},"content":{"rendered":"<h1>DO\u011eUM ve J\u0130NEKOLOJ\u0130<\/h1>\n<p>Ya\u015fam\u0131n bir mucizesi olarak g\u00f6r\u00fclen do\u011fum asl\u0131nda s\u0131k\u0131nt\u0131l\u0131 bir\u00e7ok s\u00fcrecin sonunda meydana gelir. \u0130\u015fte bu s\u00fcrecin ba\u015f\u0131ndan itibaren <strong>VTM Hayvan Hastanesi<\/strong>nin uzman kadrosu hep yan\u0131n\u0131zda. Anne adaylar\u0131m\u0131z\u0131n rutin ultrason kontrolleri modern veteriner t\u0131bb\u0131n en iyi cihazlar\u0131 ile takip edilmekte ve gebelik s\u00fcrecinin sa\u011fl\u0131kl\u0131 bir \u015fekilde tamamlanmas\u0131na yard\u0131mc\u0131 olmaktad\u0131r.<\/p>\n<p>Bununla beraber do\u011fum sonras\u0131nda hem annenin hem de yavrular\u0131n\u0131n bak\u0131m\u0131, beslenmesi konusunda uzman kadromuz yan\u0131n\u0131zda olacakt\u0131r.<\/p>\n<p>Ayr\u0131ca jinekolojik bir\u00e7ok rahats\u0131zl\u0131kta hastalar\u0131m\u0131z\u0131n ihtiya\u00e7lar\u0131n\u0131 en ince detay\u0131na kadar inceleyip alan\u0131nda uzman hekimlerimizin y\u00f6nlendirmeleriyle tedavi etmekteyiz.<\/p>\n","protected":false},"excerpt":{"rendered":"<p>DO\u011eUM ve J\u0130NEKOLOJ\u0130 Ya\u015fam\u0131n bir mucizesi olarak g\u00f6r\u00fclen do\u011fum asl\u0131nda s\u0131k\u0131nt\u0131l\u0131 bir\u00e7ok s\u00fcrecin sonunda meydana gelir. \u0130\u015fte bu s\u00fcrecin ba\u015f\u0131ndan&#8230;<\/p>\n","protected":false},"author":1,"featured_media":0,"parent":0,"menu_order":0,"comment_status":"closed","ping_status":"closed","template":"","meta":{"footnotes":""},"class_list":["post-3671","page","type-page","status-publish","hentry"],"_links":{"self":[{"href":"http:\/\/vtm.com.tr\/index.php?rest_route=\/wp\/v2\/pages\/3671","targetHints":{"allow":["GET"]}}],"collection":[{"href":"http:\/\/vtm.com.tr\/index.php?rest_route=\/wp\/v2\/pages"}],"about":[{"href":"http:\/\/vtm.com.tr\/index.php?rest_route=\/wp\/v2\/types\/page"}],"author":[{"embeddable":true,"href":"http:\/\/vtm.com.tr\/index.php?rest_route=\/wp\/v2\/users\/1"}],"replies":[{"embeddable":true,"href":"http:\/\/vtm.com.tr\/index.php?rest_route=%2Fwp%2Fv2%2Fcomments&post=3671"}],"version-history":[{"count":1,"href":"http:\/\/vtm.com.tr\/index.php?rest_route=\/wp\/v2\/pages\/3671\/revisions"}],"predecessor-version":[{"id":3672,"href":"http:\/\/vtm.com.tr\/index.php?rest_route=\/wp\/v2\/pages\/3671\/revisions\/3672"}],"wp:attachment":[{"href":"http:\/\/vtm.com.tr\/index.php?rest_route=%2Fwp%2Fv2%2Fmedia&parent=3671"}],"curies":[{"name":"wp","href":"https:\/\/api.w.org\/{rel}","templated":true}]}}