{"id":3661,"date":"2022-04-01T16:12:52","date_gmt":"2022-04-01T16:12:52","guid":{"rendered":"https:\/\/vtm.com.tr\/?page_id=3661"},"modified":"2022-04-01T16:12:52","modified_gmt":"2022-04-01T16:12:52","slug":"beslenme-ve-diyet","status":"publish","type":"page","link":"https:\/\/vtm.com.tr\/?page_id=3661","title":{"rendered":"BESLENME ve D\u0130YET"},"content":{"rendered":"<h1>BESLENME ve D\u0130YET<\/h1>\n<p>Hayvan sa\u011fl\u0131\u011f\u0131 \u00fczerine tart\u0131\u015f\u0131lan en b\u00fcy\u00fck konulardan biri de hayvan beslemedir. Bu durumla ilgili bir\u00e7ok fikirler ortaya at\u0131lmakta bu nedenle de hayvan sahiplerinin kafas\u0131 olduk\u00e7a kar\u0131\u015fmaktad\u0131r. Bu konuda yap\u0131lan en b\u00fcy\u00fck yanl\u0131\u015f ise dostlar\u0131m\u0131z\u0131n ev yeme\u011fi ya da art\u0131klar\u0131yla beslenmesidir. \u015eunu unutmamak gerekir ki ev yeme\u011fi ya da art\u0131klar\u0131yla beslenen hayvanlar ya\u015famlar\u0131n\u0131 s\u00fcrd\u00fcrmeleri i\u00e7in gerekli olan protein, karbonhidrat, ya\u011f, vitamin ve mineralleri dengeli bir bi\u00e7imde alamamakta ve bu durumdan dolay\u0131 ilerleyen d\u00f6nemlerde ciddi metabolik rahats\u0131zl\u0131klara yakalanmaktad\u0131rlar. Ayr\u0131ca v\u00fccut ba\u011f\u0131\u015f\u0131kl\u0131\u011f\u0131 dengesiz beslenmeden dolay\u0131 azalarak, di\u011fer hastal\u0131klara da zemin haz\u0131rlamaktad\u0131r. Bu a\u015famada as\u0131l olarak sorulmas\u0131 gereken sorular \u015funlard\u0131r:<\/p>\n<p>Bizim i\u00e7in olduk\u00e7a \u00f6nemli olan dostlar\u0131m\u0131z\u0131 bu durumdan korumak i\u00e7in ne yapmal\u0131y\u0131z?<\/p>\n<ul>\n<li>Ev yeme\u011fi ve art\u0131klar\u0131, tavuk kemi\u011fi gibi g\u0131dalar\u0131 kesinlikle vermeyin.<\/li>\n<li>Petshop ve b\u00fcy\u00fck marketlerde bulunan i\u00e7eri\u011finden emin olmad\u0131\u011f\u0131n\u0131z ve \u00e7ok ucuza sat\u0131lan mamalardan ka\u00e7\u0131nman\u0131zda fayda vard\u0131r.<\/li>\n<li>Paketi y\u0131rt\u0131k veya a\u00e7\u0131ktan sat\u0131lan mamalar\u0131 almay\u0131n\u0131z.<\/li>\n<li>Ald\u0131\u011f\u0131n\u0131z maman\u0131n \u00fczerinde son kullanma tarihinin olup olmad\u0131\u011f\u0131 kontrol edin ve son kullanma tarihi ge\u00e7mi\u015f mamalar\u0131 kullanmay\u0131n\u0131z.<\/li>\n<li>Veteriner hekiminizin \u00f6nerdi\u011fi mama onu tan\u0131yan hekiminizin \u00f6nerisidir. Buna uymaya gayret ediniz.<\/li>\n<\/ul>\n<p>Hayvan\u0131n\u0131z\u0131n ya\u015f, \u0131rk ve v\u00fccut kondisyonuna uygun mamalar\u0131 tercih ediniz.<\/p>\n<p>Peki, evcil hayvan\u0131m\u0131n beslemesini nas\u0131l yapmal\u0131y\u0131m?<\/p>\n<p>&nbsp;<\/p>\n<ul>\n<li>Profesyonel mamalar\u0131n arka y\u00fcz\u00fcnde hayvan\u0131n\u0131z\u0131n ya\u015f\u0131 ve kilosuna en uygun g\u00fcnl\u00fck verilmesi gereken miktar yazmaktad\u0131r. Bu miktar\u0131 b\u00fcy\u00fcme \u00e7a\u011f\u0131nda olan k\u00f6peklerde 3 \u2013 5 \u00f6\u011f\u00fcn olarak d\u00fczenlemek gerekmektedir. Yeti\u015fkin d\u00f6nemde ise g\u00fcnl\u00fck verilmesi gereken miktar\u0131 2 e\u015fit par\u00e7ada vermek yeterli olacakt\u0131r. Kedi ve k\u00f6peklerde tek \u00f6\u011f\u00fcn besleme yap\u0131lmas\u0131 mide bo\u015fal\u0131m s\u00fcresi sebebiyle uygun de\u011fildir.<\/li>\n<li>Kediler de ise durum k\u00f6peklerden farkl\u0131d\u0131r. Kediler az az s\u0131k s\u0131k beslenmesi gereken hayvanlard\u0131r. G\u00fcnl\u00fck verilmesi gereken miktar 4 \u2013 5 \u00f6\u011f\u00fcne b\u00f6l\u00fcnerek verilmesi daha efektif bir besleme bi\u00e7imi olacakt\u0131r.<\/li>\n<\/ul>\n<p>Kuru mama al\u0131rken protein kayna\u011f\u0131n\u0131n ne olmas\u0131na nas\u0131l karar vermeliyim?<\/p>\n<ul>\n<li>Golden Retriever, Labrador Retriever \u0131rk\u0131 k\u00f6peklerle beraber albino k\u00f6peklerde genellikle tavuklu mama tercihinden ka\u00e7\u0131nmak gerekmektedir. \u00c7\u00fcnk\u00fc tavuklu mamalar\u0131n bu k\u00f6peklerde alerjik dermatite neden olabilece\u011fi bilinmelidir.<\/li>\n<li>Kedilerde ise tek y\u00f6nl\u00fc beslemeden uzak durmak gerekmektedir. Tek bir mamadan ziyade 2 \u2013 3 de\u011fi\u015fik i\u00e7erikli maman\u0131n kombine edilerek verilmesi kedi sahiplerinden en \u00e7ok duydu\u011fumuz \u015fu mamadan ba\u015fka mama veremiyoruz gibi sorunlar\u0131n \u00f6n\u00fcne ge\u00e7ecektir.<\/li>\n<\/ul>\n<p>Ayr\u0131ca dostlar\u0131m\u0131z\u0131n g\u00fcn boyu \u00f6nlerinde taze ve yeterli miktarda su bulundurmaya \u00f6zen g\u00f6stermeliyiz.<\/p>\n<p>Evcil dostlar\u0131m\u0131z\u0131n her d\u00f6nemdeki besin madde ihtiyac\u0131 farkl\u0131 olmaktad\u0131r. VTM Hayvan Hastanesi olarak d\u00fczenli beslenme al\u0131\u015fkanl\u0131klar\u0131n\u0131n haricinde hastalar\u0131m\u0131z\u0131n tedavilerine ek olarak; mevcut hastal\u0131\u011f\u0131n\u0131n tedavisine en uygun diyet se\u00e7eneklerini sunmaktay\u0131z.<\/p>\n","protected":false},"excerpt":{"rendered":"<p>BESLENME ve D\u0130YET Hayvan sa\u011fl\u0131\u011f\u0131 \u00fczerine tart\u0131\u015f\u0131lan en b\u00fcy\u00fck konulardan biri de hayvan beslemedir. Bu durumla ilgili bir\u00e7ok fikirler ortaya&#8230;<\/p>\n","protected":false},"author":1,"featured_media":0,"parent":0,"menu_order":0,"comment_status":"closed","ping_status":"closed","template":"","meta":{"footnotes":""},"class_list":["post-3661","page","type-page","status-publish","hentry"],"_links":{"self":[{"href":"https:\/\/vtm.com.tr\/index.php?rest_route=\/wp\/v2\/pages\/3661","targetHints":{"allow":["GET"]}}],"collection":[{"href":"https:\/\/vtm.com.tr\/index.php?rest_route=\/wp\/v2\/pages"}],"about":[{"href":"https:\/\/vtm.com.tr\/index.php?rest_route=\/wp\/v2\/types\/page"}],"author":[{"embeddable":true,"href":"https:\/\/vtm.com.tr\/index.php?rest_route=\/wp\/v2\/users\/1"}],"replies":[{"embeddable":true,"href":"https:\/\/vtm.com.tr\/index.php?rest_route=%2Fwp%2Fv2%2Fcomments&post=3661"}],"version-history":[{"count":1,"href":"https:\/\/vtm.com.tr\/index.php?rest_route=\/wp\/v2\/pages\/3661\/revisions"}],"predecessor-version":[{"id":3662,"href":"https:\/\/vtm.com.tr\/index.php?rest_route=\/wp\/v2\/pages\/3661\/revisions\/3662"}],"wp:attachment":[{"href":"https:\/\/vtm.com.tr\/index.php?rest_route=%2Fwp%2Fv2%2Fmedia&parent=3661"}],"curies":[{"name":"wp","href":"https:\/\/api.w.org\/{rel}","templated":true}]}}