{"id":3674,"date":"2022-04-01T16:25:46","date_gmt":"2022-04-01T16:25:46","guid":{"rendered":"https:\/\/vtm.com.tr\/?page_id=3674"},"modified":"2022-04-01T16:25:46","modified_gmt":"2022-04-01T16:25:46","slug":"endokrinoloji-ve-metabolizma-hastaliklari","status":"publish","type":"page","link":"https:\/\/vtm.com.tr\/?page_id=3674","title":{"rendered":"ENDOKR\u0130NOLOJ\u0130 ve METABOL\u0130ZMA HASTALIKLARI"},"content":{"rendered":"<h1>ENDOKR\u0130NOLOJ\u0130 ve METABOL\u0130ZMA HASTALIKLARI<\/h1>\n<p>Endokrinoloji ve metabolizma rahats\u0131zl\u0131klar\u0131n\u0131n bir\u00e7o\u011fu kroniktir ve sa\u011fl\u0131kla ilgili riskleri artt\u0131rman\u0131n yan\u0131 s\u0131ra hastan\u0131n ya\u015fam kalitesini olduk\u00e7a etkileyen rahats\u0131zl\u0131klard\u0131r.<\/p>\n<p><strong>VTM Hayvan Hastanesi<\/strong> modern veteriner t\u0131bb\u0131n t\u00fcm olanaklar\u0131 kullan\u0131larak, multidisipliner i\u015fbirli\u011fi i\u00e7inde poliklinik ve yatan hasta hizmeti sunmaktad\u0131r.<\/p>\n<p>Tiroid hastal\u0131klar\u0131n\u0131n takibinde en \u00f6nemli veri kayna\u011f\u0131n\u0131 olu\u015fturan trioid ultrasonografi ve gerekli durumlar ince i\u011fne aspirasyonu uzman hekimlerimiz taraf\u0131ndan yap\u0131lmakta olup gerek cerrahi, gerekirse radyoaktif iyot tedavisi hastanemiz b\u00fcnyesinde yap\u0131lmaktad\u0131r.<\/p>\n<p>Bunlar\u0131n d\u0131\u015f\u0131nda Diyabet tan\u0131, tedavi ve takibi yap\u0131lmakta olup hastalar\u0131m\u0131z\u0131n diyet programlar\u0131 da olu\u015fturulmaktad\u0131r.<\/p>\n<p>Merkezimizde ayr\u0131ca Deksametazon S\u00fcpresyon, ACTH Stim\u00fclasyon ve Kortizol de\u011ferlendirme testleri yap\u0131lmaktad\u0131r.<\/p>\n","protected":false},"excerpt":{"rendered":"<p>ENDOKR\u0130NOLOJ\u0130 ve METABOL\u0130ZMA HASTALIKLARI Endokrinoloji ve metabolizma rahats\u0131zl\u0131klar\u0131n\u0131n bir\u00e7o\u011fu kroniktir ve sa\u011fl\u0131kla ilgili riskleri artt\u0131rman\u0131n yan\u0131 s\u0131ra hastan\u0131n ya\u015fam kalitesini&#8230;<\/p>\n","protected":false},"author":1,"featured_media":0,"parent":0,"menu_order":0,"comment_status":"closed","ping_status":"closed","template":"","meta":{"footnotes":""},"class_list":["post-3674","page","type-page","status-publish","hentry"],"_links":{"self":[{"href":"https:\/\/vtm.com.tr\/index.php?rest_route=\/wp\/v2\/pages\/3674","targetHints":{"allow":["GET"]}}],"collection":[{"href":"https:\/\/vtm.com.tr\/index.php?rest_route=\/wp\/v2\/pages"}],"about":[{"href":"https:\/\/vtm.com.tr\/index.php?rest_route=\/wp\/v2\/types\/page"}],"author":[{"embeddable":true,"href":"https:\/\/vtm.com.tr\/index.php?rest_route=\/wp\/v2\/users\/1"}],"replies":[{"embeddable":true,"href":"https:\/\/vtm.com.tr\/index.php?rest_route=%2Fwp%2Fv2%2Fcomments&post=3674"}],"version-history":[{"count":1,"href":"https:\/\/vtm.com.tr\/index.php?rest_route=\/wp\/v2\/pages\/3674\/revisions"}],"predecessor-version":[{"id":3675,"href":"https:\/\/vtm.com.tr\/index.php?rest_route=\/wp\/v2\/pages\/3674\/revisions\/3675"}],"wp:attachment":[{"href":"https:\/\/vtm.com.tr\/index.php?rest_route=%2Fwp%2Fv2%2Fmedia&parent=3674"}],"curies":[{"name":"wp","href":"https:\/\/api.w.org\/{rel}","templated":true}]}}