{"id":3819,"date":"2022-04-02T10:32:13","date_gmt":"2022-04-02T10:32:13","guid":{"rendered":"https:\/\/vtm.com.tr\/?page_id=3819"},"modified":"2025-11-17T12:56:34","modified_gmt":"2025-11-17T12:56:34","slug":"veteriner-hekimler","status":"publish","type":"page","link":"https:\/\/vtm.com.tr\/?page_id=3819","title":{"rendered":"Veteriner Teknikerler"},"content":{"rendered":"<p>[vc_row][vc_column width=&#8221;1\/4&#8243;][vc_single_image image=&#8221;3936&#8243; img_size=&#8221;full&#8221; alignment=&#8221;center&#8221;]\r\n        <div class=\"sec-title  \">         \r\n            <h4 style=\"color:\">Veteriner Tekniker<\/h4>             \r\n            <h3 style=\"color:\">Ba\u015fak \u00d6z\u00e7elik\u00e7i<\/h3>        \r\n        <\/div>[\/vc_column][vc_column width=&#8221;1\/4&#8243;][vc_single_image image=&#8221;3964&#8243; img_size=&#8221;full&#8221; alignment=&#8221;center&#8221;]\r\n        <div class=\"sec-title  \">         \r\n            <h4 style=\"color:\">Veteriner Tekniker<\/h4>             \r\n            <h3 style=\"color:\">Mehmet Emin L\u00fcy<\/h3>        \r\n        <\/div>[\/vc_column][vc_column width=&#8221;1\/4&#8243;][\/vc_column][\/vc_row]<\/p>\n","protected":false},"excerpt":{"rendered":"<p>[vc_row][vc_column width=&#8221;1\/4&#8243;][vc_single_image image=&#8221;3936&#8243; img_size=&#8221;full&#8221; alignment=&#8221;center&#8221;][\/vc_column][vc_column width=&#8221;1\/4&#8243;][vc_single_image image=&#8221;3964&#8243; img_size=&#8221;full&#8221; alignment=&#8221;center&#8221;][\/vc_column][vc_column width=&#8221;1\/4&#8243;][\/vc_column][\/vc_row]<\/p>\n","protected":false},"author":1,"featured_media":0,"parent":0,"menu_order":0,"comment_status":"closed","ping_status":"closed","template":"","meta":{"footnotes":""},"class_list":["post-3819","page","type-page","status-publish","hentry"],"_links":{"self":[{"href":"https:\/\/vtm.com.tr\/index.php?rest_route=\/wp\/v2\/pages\/3819","targetHints":{"allow":["GET"]}}],"collection":[{"href":"https:\/\/vtm.com.tr\/index.php?rest_route=\/wp\/v2\/pages"}],"about":[{"href":"https:\/\/vtm.com.tr\/index.php?rest_route=\/wp\/v2\/types\/page"}],"author":[{"embeddable":true,"href":"https:\/\/vtm.com.tr\/index.php?rest_route=\/wp\/v2\/users\/1"}],"replies":[{"embeddable":true,"href":"https:\/\/vtm.com.tr\/index.php?rest_route=%2Fwp%2Fv2%2Fcomments&post=3819"}],"version-history":[{"count":7,"href":"https:\/\/vtm.com.tr\/index.php?rest_route=\/wp\/v2\/pages\/3819\/revisions"}],"predecessor-version":[{"id":3999,"href":"https:\/\/vtm.com.tr\/index.php?rest_route=\/wp\/v2\/pages\/3819\/revisions\/3999"}],"wp:attachment":[{"href":"https:\/\/vtm.com.tr\/index.php?rest_route=%2Fwp%2Fv2%2Fmedia&parent=3819"}],"curies":[{"name":"wp","href":"https:\/\/api.w.org\/{rel}","templated":true}]}}